e prime factors of b.
2, 3, 37, 47
Suppose -4*y - 3*h + 189 = -0*h, -45 = -y - 3*h. Suppose 0 = b - y + 15. Suppose -37*d + 168 = -b*d. What are the prime factors of d?
2, 3, 7
List the prime factors of (-1)/((5 + -6)*-3) - 101794/(-21).
37, 131
Let k = -1146 - -3623. Suppose 13*h = 838 + k. List the prime factors of h.
3, 5, 17
Suppose 17*b = 20 + 14. Suppose -b*a + 52 = 56. What are the prime factors of -5 + 4 + (-108)/a?
53
Let p = -507 - -504. What are the prime factors of 1 - (-7 - -4 - (p - -1226))?
3, 409
Let b be (-3060)/(-476) + (-6)/14. Suppose -s - 4*s = -5*h + 320, 2*s - 202 = -3*h. Suppose -456 = -b*i - h. What are the prime factors of i?
5, 13
Let s = -4040 - -12227. List the prime factors of s.
3, 2729
Let o = 601 - 46. Suppose o = 9*c - 1443. Let w = c - 48. What are the prime factors of w?
2, 3, 29
Suppose -16 = -5*n + n + 2*b, n + b = -2. Let u be 18/4 - (-17)/34. Suppose -8 = -n*j, -132 = -2*d + u*j - 0*j. List the prime factors of d.
2, 19
Suppose 0 = -3*i + 21, 133845 = -8*k + 13*k + 5*i. What are the prime factors of k?
2, 13381
Let c(d) = 3335*d - 8041. List the prime factors of c(19).
2, 13831
Suppose 1281 = 5*h - 2*h - 4587. What are the prime factors of h?
2, 3, 163
Suppose 4126 = -3*f + 4150. Let m be (-8)/(-4) - (2 - 1). What are the prime factors of m + 1292/15 + f/(-60)?
3, 29
Suppose -8*u = -5790 + 1910. Let y = 216 + u. List the prime factors of y.
701
Let f be 3/5 - (-3 - (-185)/(-25)). Suppose -f*i - 65 - 89 = 0. List the prime factors of (-128)/3*63/i.
2, 3
Suppose 8*i - 20 = 4*i. Suppose -r = -4*y - 100, -9*r - 3*y + 400 = -5*r. Suppose 3*f = s + 2*s - 78, -4*s = -i*f - r. List the prime factors of s.
2, 3, 5
Suppose -3*t = d - 19118, 0 = -4*t - 588*d + 586*d + 25490. List the prime factors of t.
6373
Let j be (-2)/(1/(15/6))*-1. Suppose 3*w - 4*z = -z - 132, 3*z + 228 = -j*w. What are the prime factors of 124*(-3 + w/(-12))?
3, 31
Suppose 109*y - 92 = 86*y. Suppose -3*t + 5*k = 4*k - 821, -y*k - 554 = -2*t. List the prime factors of t.
3, 7, 13
Let b(r) = -r**2 - 44*r - 226. Let s be b(-6). Suppose 2*v + 2*v = n - 1035, 3077 = 3*n + s*v. What are the prime factors of n?
13, 79
What are the prime factors of -3 + (119/68)/(57567/19188 + -3)?
2, 3, 5, 373
Let b(a) = -9*a**3 + 7*a + 1. Let k(n) = -10*n**3 + 8*n. Let j(u) = -3*b(u) + 2*k(u). What are the prime factors of j(3)?
3, 19
Let y be -28*((-75)/(-20))/(-15). Suppose -y*w = -174 - 1. List the prime factors of w.
5
Suppose -c - 122*v + 121*v + 11998 = 0, 0 = -2*v. List the prime factors of c.
2, 7, 857
Suppose 2*w = u, w + 3*w = -2*u. Let y be 461 + (8 - (w + 4)). Suppose -4*m + y = -m. What are the prime factors of m?
5, 31
Let c = 10 - 1. Suppose 0 = -28*b - 426 + 1126. Suppose b = m - c. What are the prime factors of m?
2, 17
Let r(y) = y**2 + 34*y - 38. Let l be r(-31). Let p = l - -644. What are the prime factors of p?
3, 19
What are the prime factors of (-4)/(-38) - ((-860)/(-114))/((-156)/299286)?
41, 353
Let s(x) = -10*x + 55. Let k(t) = -2*t + 11. Let d(p) = 11*k(p) - 2*s(p). Let n be d(-7). Suppose -n = -2*u + 51. List the prime factors of u.
2, 19
Let g(m) = m**2 - 13*m + 3. Let q be g(13). Suppose -5*j = y - 11, q*j = -2*y + 9 - 1. What are the prime factors of 99 + 1/j*2?
2, 5
Let q(p) be the third derivative of p**5/20 + 25*p**4/12 + 31*p**3/6 + 2*p**2 - 19. What are the prime factors of q(-19)?
2, 41
Let q(n) = 3*n**2 + 30*n - 35. Let j be q(-11). List the prime factors of 5 - -458 - j*(-15)/(-6).
2, 3, 13
Suppose 43*k - 46*k = 6. What are the prime factors of ((-8078)/9)/k - (-6)/27?
449
Suppose 13545 = p + 2*z, -4*p - 15008 = 5*z - 69200. List the prime factors of p.
13553
Let j(u) = 393*u - 2024. What are the prime factors of j(14)?
2, 37, 47
Let u = 237 + -232. What are the prime factors of (702/(5/u))/2?
3, 13
Let m(k) = -12 - k**3 + 28 + 26*k**2 + 5*k - 3*k. Suppose -6*a = 41*a + 5*a - 1352. What are the prime factors of m(a)?
2, 17
Let l(z) = 2*z + 119. Let r be l(32). Suppose -r*d + 167*d + 5664 = 0. List the prime factors of d.
2, 3, 59
Let x(q) = 170*q + 4930. What are the prime factors of x(0)?
2, 5, 17, 29
Let x(o) = -o**3 + 38*o**2 - 42*o - 182. Let w be x(35). Suppose 8*t - 6*t - n = w, 2*t = -2*n + 2032. What are the prime factors of t?
1013
Suppose -139082 + 2872 = -13*a + 12783. List the prime factors of a.
73, 157
Suppose 324*x + 534508 = 376*x. What are the prime factors of x?
19, 541
List the prime factors of (-5242001)/(-731) - (-4 - 0)*-2.
13, 19, 29
Let v(j) = 18*j**2 - 775*j - 314. List the prime factors of v(-39).
59, 971
Suppose 78*x = 143*x - 73*x + 54424. What are the prime factors of x?
6803
Suppose -11*w + 25*w - 84 = 0. Let u be (8/w)/((-8)/(-1464)). Suppose -242*s + u*s = 310. List the prime factors of s.
5, 31
Let l(h) = h**2 - h - 12. Let o be l(-4). Suppose g = -5*u + 13, -u = o*g - 3*g + 7. What are the prime factors of (18 - -2) + u/(-3)?
19
Suppose 11*s - 63936 = 3*s + 63920. List the prime factors of s.
2, 61, 131
Let a be -14*((-1)/5)/((-4)/(-10)). Let p be -9*a/((-63)/78). Suppose 2*x - s - 24 = 46, p = 2*x + s. What are the prime factors of x?
37
Let q = 4134 + 5032. What are the prime factors of q?
2, 4583
Let h(t) = -15*t**3 + 25*t**2 + 271*t - 1. List the prime factors of h(-12).
26267
Let d be (40 - 45)*4*5. Let r = 446 + d. What are the prime factors of r?
2, 173
Let w = -2 - 3. Let k(x) = -2*x**3 - 3*x**2 + 7*x + 1. Let t be k(w). Let i = 199 - t. List the prime factors of i.
2, 29
Let u(z) = 1219*z**2 - 72*z + 205. List the prime factors of u(3).
2, 5, 137
Suppose 1039 = -10*d + 4419. Let g = d - 150. List the prime factors of g.
2, 47
Suppose -12*p = -10*p - 10. Suppose 2*y + 3*o = 37, -p*o + 111 - 6 = 5*y. Let j = y + 59. List the prime factors of j.
5, 17
Suppose 2*l - 1073 = 5*d, -l + 1074 = -4*d - d. Let f = d - -293. List the prime factors of f.
2, 3, 13
Let q = 143 + -19. Let r = 267 - q. What are the prime factors of r?
11, 13
Suppose -3*s + 15 = 0, -u - u - 124 = 2*s. Let b = -3197 + 3312. Let f = u + b. List the prime factors of f.
2, 3
Let c(n) be the second derivative of 8*n**3/3 + 2*n**2 - 17*n - 1. List the prime factors of c(9).
2, 37
Suppose 4*h - 34707 = -a - 4857, -4*a - 7471 = -h. List the prime factors of h.
17, 439
Suppose 0 = i - 5*j - 28907, -3*i - 10*i - 3*j + 375859 = 0. What are the prime factors of i?
2, 13, 139
Suppose -50 = -25*m + 15*m. Suppose -6 = m*v + 4, 153 = p + 3*v. What are the prime factors of p?
3, 53
List the prime factors of (-42454)/(-4) - (-1104)/(-736).
2, 7, 379
Let o be 41 + (-1 - 0*(-1)/(-3)). List the prime factors of 3/30 - (-13076)/o.
3, 109
Suppose 0*r + r = -3*p + 16687, 2*r + 16702 = 3*p. What are the prime factors of p?
2, 13, 107
Suppose -12093 = -5*g - 3*i, -3*i = 4*g - 0*i - 9675. Suppose 6*a + 6*d - 2418 = 4*a, 2*a = -d + g. What are the prime factors of a?
3, 13, 31
Let w = 498 + -256. Suppose 5*n - 3*f = 5156, n + 5*f = 1290 - w. List the prime factors of n.
1033
What are the prime factors of 81/(-135) + (-573834)/(-40) + 3/4?
2, 3, 797
Let k(q) = 2*q**3 + 6*q**2 + 7*q + 1. Let n be k(-1). Let x(m) = -269*m + 9. What are the prime factors of x(n)?
547
Suppose -n = v - 132, -4*n - 420 = -3*v - n. Let o = v - -39. What are the prime factors of 1 + (o - (-4 - -5))?
5, 7
Let h(g) be the third derivative of -2*g**5/15 - g**4/24 + g**3/6 + 3*g**2. Let k be h(1). Let j(u) = u + 24. What are the prime factors of j(k)?
2
Let v be 73 - (-3)/(-6)*4. Let i be 8/3*(v + 10). Suppose -3*o + 4*j = -2*o - 72, 5*j - i = -3*o. What are the prime factors of o?
2, 3
Let t be (198/8)/((-12)/(-16)). Let l be 1 + -2 + 25/1. Suppose 0 = 3*g - t - l. List the prime factors of g.
19
Suppose 9*c + 3382 = -3125. Let u = c + 1025. List the prime factors of u.
2, 151
Let o(a) = a**3 - a**2 - 12*a + 20. Let i be o(6). Suppose -996 = -i*l + 122*l. What are the prime factors of l?
2, 83
Let v(s) = 24 - 10 + s**2 - s**3 + 27*s - 6*s**2 + 0*s**2. List the prime factors of v(-11).
443
Let z = 631 + 1567. Suppose -740*h + 733*h = -z. List the prime factors of h.
2, 157
Let x(b) = -b**3 - 12*b**2 - 38*b - 550. List the prime factors of x(-13).
113
Let w(j) = 4*j**2 + 3*j + 24. Let g be ((-258)/86)/(2/12*2). What are the prime factors of w(g)?
3, 107
Let v be (9/12)/(